 4*i**2 - 3*i**3 + i**3 - 3*i**3 + 4*i**3 + 2*i. Give d(4).
8
Let k = 15 - 12. Suppose -k*c + 29 = -34. Let a be 1/3 - (-35)/c. Let s(m) = -2*m + 1. Determine s(a).
-3
Let w(o) = -o**3 + 8*o**2 - o + 16. Let z be w(8). Let n(v) = 2 + 6*v + 5*v - z*v. What is n(-2)?
-4
Let r(i) = -i**2 + i - 3. Let y(j) = -4*j**2 - 3*j + 31. Let s(w) = 3*r(w) - y(w). Give s(-10).
0
Let p = -1794 - -1789. Let b(t) = t**3 + 3*t**2 - 5*t + 5. Determine b(p).
-20
Let c(y) = 13*y**2 + 10*y - 14. Let l(k) = 15*k**2 + 11*k - 15. Let j(v) = 7*c(v) - 6*l(v). Give j(-6).
4
Let y(q) = -q**3 + 2*q**2 + q - 1. Let k be 4/(12/9) + 0. Suppose k*b + 5 = -3*z - 13, 12 = -4*z - b. What is y(z)?
13
Let j(c) = 3*c + 2. Suppose 4*l + 12 = x + 6*l, 5*l + 12 = x. Let u(i) = -10*i - 36. Let m be u(-5). Let d = x - m. Determine j(d).
-4
Suppose 18 = -a + 5*d, -5*a - 1 + 21 = -3*d. Let y(p) = 2*p - 4*p**2 + 1 + p**3 - 7*p**3 + a*p**3. Calculate y(3).
-2
Let d(o) be the third derivative of -o**5/60 - o**4/6 + 13*o**3/6 - 3*o**2 - o. What is d(-7)?
-8
Suppose 0*o + 2*o + 73 = f, 5*o - 3*f + 185 = 0. Let l = o + 38. Let u(k) = -2*k + 5. Determine u(l).
-3
Let h(u) = -u - 22. Let x be ((-15)/(-6) + -4)*4/6. Let y(p) = -1. Let s(i) = x*h(i) + 3*y(i). Determine s(-8).
11
Let a(c) be the third derivative of c**7/5040 - c**6/90 + c**5/10 - 41*c**2. Let b(u) be the third derivative of a(u). Determine b(0).
-8
Let i be 2/9 - 376/72. Let t(p) = -4*p + 2. Determine t(i).
22
Let t = -13 - -16. Let i(x) = x**2 + 8*x**2 + 3*x + x**t - 2*x**2 - 4 - 3*x**2. What is i(-3)?
-4
Let x(d) = -d**2 - 19*d + 335. Let r be x(-30). Let y(w) = -w**3 + 7*w**2 - 9*w. Calculate y(r).
5
Let v(b) = 711*b**2 - 13 + 708*b**2 - 1418*b**2. Let d be (-2)/(-6) + (-1)/3. Give v(d).
-13
Let v(c) be the second derivative of c**4/12 + c**3/3 - 309*c. Give v(-3).
3
Let i(x) be the third derivative of x**8/6720 + x**7/630 - x**6/144 - x**5/120 + x**4/6 - x**2. Let r(w) be the second derivative of i(w). Determine r(-5).
-1
Let f(m) = 2*m**2 + 2 - 4*m + 2 - m**2. Suppose 10*q - 55 = 285. Let t = q + -30. Determine f(t).
4
Let r(s) = 1 - 2 - s**3 + 9. Let m be (-2)/(-3) + 2/(-3). Suppose m = y + 4*y. Determine r(y).
8
Let t = -688 + 681. Let w(k) = k**3 + 6*k**2 - 7*k + 10. Give w(t).
10
Let y be ((-3)/(-6))/((-1)/(-18)). Suppose -y*a + 4*a - 25 = 0. Let q(p) be the second derivative of p**5/20 + p**4/3 - p**3/6 + 7*p**2/2 - 5*p. Determine q(a).
-13
Let i(k) be the first derivative of -7*k**3/6 + k**2/2 - k - 1. Let j(s) be the first derivative of i(s). Let q be -18 - ((-1530)/(-5))/(-18). Calculate j(q).
8
Let w(y) = 3*y. Let o = 92 + -90. Determine w(o).
6
Let j(y) = -7*y**3 - 8*y**2 - 4*y - 1. Let l(u) = 3*u**3 + 4*u**2 + 2*u + 1. Let r(c) = -2*j(c) - 5*l(c). Determine r(-4).
5
Let f(h) be the second derivative of -h**4/12 - 7*h**3/6 - 3*h**2/2 - 86*h. What is f(-6)?
3
Let j(x) = -4*x + 17. Let a(v) = 7*v - 35. Let h(n) = 6*a(n) + 11*j(n). Let f be h(-10). Let s(w) = -w + w**3 + 3 + 3*w + 3*w**2 - 4. Give s(f).
-7
Let v(o) = 8 - 10*o**2 + o**3 + 2*o - 2*o**3 + 3*o**2. Let k = -3 + 23. Let z(a) = 3*a - 67. Let f be z(k). Calculate v(f).
-6
Let u(h) be the second derivative of h**5/20 - 7*h**4/12 + h**3 + 7*h**2/2 - 21*h + 1. What is u(6)?
7
Suppose 4*l + 12 = b - 3, -2*b = 3*l + 3. Let y(i) = i**2 + i**2 + 11 - 15 - b*i**2. Let f = 4 - 1. Give y(f).
-13
Let f(w) = -w**2 - 12*w - 4. Suppose 22*a - h + 19 = 20*a, -5*a - 46 = -3*h. Calculate f(a).
7
Let v(m) = m**3 + 3*m**2 - 6*m + 3. Let q(o) = -3*o**3 - 8*o**2 + 17*o - 8. Suppose 0 = -2*c - 5 + 13. Let n(u) = c*q(u) + 11*v(u). Calculate n(2).
1
Let a be (30/(-25))/3*-10. Suppose -20 = a*k, 2*k = 2*u - 0*k - 2. Let n(l) = l**3 + 3*l**2 - 3*l - 5. Determine n(u).
-9
Let w(v) = 5*v - 5. Let j(h) = -21*h + 19. Let a(c) = 6*j(c) + 26*w(c). Let z(t) = 3*t - 11. Let s(i) = 5*a(i) - 7*z(i). Determine s(6).
-9
Let c(x) = 3*x + 27. Let k be 598/(-65) - (-24)/20. Calculate c(k).
3
Let n(q) = -8*q - 2. Suppose -4 - 5 = -3*f. Calculate n(f).
-26
Let x = -1189 - -1194. Let j(n) = -2*n - 5. What is j(x)?
-15
Suppose -4*v + 21 + 1 = -2*p, -v - p + 4 = 0. Let z(m) = 4*m**2 - m + 2. Let t(y) = -5*y**2 + y - 2. Let h(s) = v*t(s) + 6*z(s). What is h(0)?
2
Let k(f) = 4*f**2 - 97*f + 27. Let o be k(24). Let m(a) be the first derivative of -1/3*a**3 + a**2 + 4*a + o. Determine m(3).
1
Suppose 5*q - 3*u + 17 = -16, -5*u = 2*q + 7. Let w(z) = z**3 + 5*z**2 + z + 6. Determine w(q).
-36
Let v be 36/21 + (-6)/(-21) + 2. Suppose 0*p + 17 = 4*p + 3*a, 5*p - v*a + 2 = 0. Let w(c) = -2*c + 1. Give w(p).
-3
Let a(h) = -h**3 + 5*h**2 - 5*h - 2. Let v(r) = -r + 1. Let d(n) = -a(n) + 3*v(n). Give d(4).
-3
Let z(i) be the first derivative of -i**4/4 + 4*i**3/3 + 7*i**2/2 - 4*i + 224. What is z(5)?
6
Let h(t) = -t**3 - 6*t**2 - 9*t - 26. Let w be h(-5). Let n(s) = -s**3 - 6*s**2 + 2*s + 8. Give n(w).
-4
Suppose -4 = -3*k + 11. Suppose 0 = -k*a + p - 33, -2*a - 3*p - 27 = -8*p. Let v(b) = 35*b - 60*b + 31*b + b**2 - 1. Calculate v(a).
-1
Let l(c) be the third derivative of c**6/120 - c**5/20 + c**4/8 - c**3/2 + 2*c**2 + 4. Determine l(3).
6
Let h(u) = -u - 1. Suppose 3*f + 5 = 3*y - 7, -2*y = -4*f - 8. Suppose -11*z + 11 = -f*z. Determine h(z).
-2
Suppose 5 = -2*y - 5. Let a(m) be the second derivative of -7*m**3/6 + 1017*m. Determine a(y).
35
Let p(j) = -2*j**3 + 6 + 4*j + 3*j**2 + 3*j**3 - 9*j**2 + 0*j**2. Suppose 2*b + 2*n = 8, -2*b + 4*n + 13 = -1. What is p(b)?
1
Let a(s) = 285*s**3 - 23*s**2 + 8*s**2 + 10*s + 289*s**3 + 291*s**3 + 7 - 867*s**3. Give a(-8).
-9
Suppose 2 = -x, 4*x + 1 = -5*a + 18. Suppose 0 = 2*t + a*k + 17, k = -t - 3*k - 16. Let g(u) = -81*u**2 + t + 85*u**2 + u**3 - u + 0*u**3. Give g(-4).
8
Suppose 88*k + 10 = d + 83*k, -6 = 3*k. Let l(h) = -h + 39. Determine l(d).
39
Let i be ((-6)/3)/(2/3). Let a(g) = 11*g + 40. Let q(z) be the first derivative of -z**2 - 7*z + 37. Let k(d) = -6*a(d) - 34*q(d). Calculate k(i).
-8
Suppose -6 = 4*w - 46. Let h(c) = 0*c**2 - c**2 + 2*c**2 + w + 5*c - 13. Give h(-5).
-3
Let h(r) = 3*r - 2. Let u(c) = 7*c - 4. Let k(n) = -5*h(n) + 2*u(n). Let x(s) = s**2 + 4*s + 1. Let j be x(-5). Determine k(j).
-4
Suppose 17*t + 26*t = 387. Let b(w) = -w**3 + 9*w**2 + 8*w - 10. Calculate b(t).
62
Let l(c) = c**3 + 13*c**2 + 13*c - 11. Let p(i) = -i**3 - 14*i**2 - 14*i + 13. Let t(y) = 7*l(y) + 6*p(y). Let g(h) = -h + 1. Let v be g(7). Give t(v).
-5
Let g = -26 + -1. Let s = g - -27. Let a(o) = -o**2 - 6. What is a(s)?
-6
Let l(r) = 10*r + 38. Suppose 54*w = -5*g + 58*w - 10, g - 4 = 2*w. What is l(g)?
-22
Let w(b) = -b**3 + 5*b**2 + 5*b. Let o be w(6). Let z(f) be the third derivative of f**6/120 + 7*f**5/60 + 5*f**4/24 + f**3 + f**2 - 43*f. Give z(o).
12
Let h = -15 - -27. Let p = h + -18. Let m(k) be the second derivative of k**5/20 + k**4/2 - 7*k**2/2 - 104*k. Calculate m(p).
-7
Let x(z) = -z**3 + 5*z**2 + z - 6. Suppose -2*w - 1 = 3*y, -18*y + 6 = 3*w - 16*y. Give x(w).
14
Let o = 22 - 22. Let f(u) be the first derivative of o*u**2 + 0*u - u**3 - 4 + 1/2*u**4. Give f(2).
4
Let p(k) = -k**2 - 6*k - 2. Let y = -3 - 13. Let n = y + 9. What is p(n)?
-9
Let c(l) = -6*l**3 - 1. Suppose -3*k = -3*o + 15, 11 - 6 = 3*k + 2*o. Calculate c(k).
5
Let t = 12 - 18. Let z = t - -10. Let i(r) be the third derivative of -r**6/120 + r**5/12 - 5*r**4/24 - 143*r**2. Give i(z).
-4
Let y = 296 + -304. Let n(a) be the second derivative of -a**5/20 - 2*a**4/3 + 9*a**2/2 + 3*a. Calculate n(y).
9
Let h be ((-40)/60)/((-4)/(-18)). Let r(l) = 2*l + 2. Give r(h).
-4
Let n(b) = 2*b**2 + 3*b + 1. Let g(k) = 3*k**2 - 15*k - 21. Let j be g(6). Calculate n(j).
10
Let s(d) = -24*d**2 + 74*d + 42. Let x(y) = -5*y**2 + 15*y + 8. Let w(n) = -3*s(n) + 14*x(n). What is w(7)?
0
Let b(k) = 2*k**2 + 2*k + 11. Let u(h) = h**2 + h + 6. Let n(t) = -6*b(t) + 11*u(t). Let g be n(2). Let v(r) = -r**2 - 7*r - 1. What is v(g)?
5
Let g(p) be the first derivative of -p**3/3 + 2*p**2 + 4*p - 1. Let j = -127 - -129. Suppose k = 3*k - 4*b - 4, 5*b = 2*k - j. Calculate g(k).
-8
Let j(m) = m**2 + 5*m - 7. Suppose 5*d + 23 = -7. What is j(d)?
-1
Let r(m) = -m**3 + 4*m**2 - 2*m - 1. Let c be -13 - -3*(-2)/(-2). Let u be (-24)/20*c/2. Let b be (u/8)/((-4)/(-16)). What is r(b)?
2
Let s(v) be the first derivative of -1 - 7*v + 1/2*v*